(4). Is -7 + b + (1 - z) composite?
False
Is (-32285 - 81)*7/(-2) a prime number?
False
Suppose 5*z - 10 = -4*i, 2*i + 2*z = i + 1. Suppose -5*x - 4*q + 4739 = 0, 3*x - i*q - 4189 + 1353 = 0. Let d = x - 628. Is d composite?
True
Let h = 87747 + -38014. Is h prime?
False
Suppose 3*q + 0*q - n - 212 = 0, q + 5*n = 76. Suppose -q = -0*y - y. Let s = y + 120. Is s composite?
False
Let n = -67 + 59. Let x(g) = -211*g + 45. Is x(n) composite?
False
Suppose -20*h + 52902 = -14*h. Is h composite?
True
Let u(j) = 11*j**3 + 11*j**2 - j + 21. Is u(8) a prime number?
False
Suppose -5*n + 23 = j + 3*j, 2*n + 4 = 5*j. Suppose -3*l - j*r - 334 = -1879, 2*r + 6 = 0. Is l a composite number?
True
Suppose 2 = p - 0. Suppose -n + 12 = -r, -2*n - 2*n + p*r + 38 = 0. Is 8/(-28) - (-1647)/n composite?
True
Let i(p) = -p**2 - 10*p + 14. Let o be i(-11). Suppose 0 = -5*m - o*d + 20 + 7, 3*m - 4*d = -7. Is (0 + 102 - -1) + m prime?
False
Suppose 2*z = -12*z + 7994. Let q = 523 - 247. Let p = z - q. Is p a composite number?
True
Suppose -s = -c + 2, s + 6*c - 22 = c. Suppose -s*j - 4*n + 108 = 0, 4*j + n - 2*n - 171 = 0. Let h = 115 + j. Is h composite?
True
Let z(r) = -r**3 + 3*r**2 - 2*r - 2. Let i be z(4). Let h = -13 - i. Suppose -h - 1 = -q. Is q composite?
True
Suppose 118*b = 136*b - 9162. Is b prime?
True
Let a(o) = 3*o + 8. Let b be a(6). Let d = b - 16. Suppose -5*n = m - 154, m - 5*n - 134 = d. Is m composite?
False
Let r be 4*-2*(-12)/16. Suppose -5*i - 2 = -r*i. Is -1*i/4*-1366 a prime number?
True
Let l be ((-1)/(-2))/(2/4). Suppose 4*o + 52 = 4*x + 20, o = -l. Suppose 3*f = x*f - 732. Is f a prime number?
False
Is (-10896 - 7)*(2 - 3) composite?
False
Suppose 205229 = -15*j + 38*j. Is j prime?
True
Let g(d) = d**3 + 13*d**2 - d. Let x be g(-12). Suppose 0 = 4*k - x - 148. Suppose -5*l + k = -l. Is l prime?
True
Suppose 542*c - 552*c = -23090. Is c a prime number?
True
Let q(d) = -d**2 + d + 2. Let p be q(0). Suppose 0 = -w - p*w + 1830. Suppose -2*g - 3*g + w = 0. Is g a prime number?
False
Suppose -5*o + 30340 = 3*g, -o - 2*g = 158 - 6233. Is o a composite number?
True
Let x = 9678 + -6452. Is x a prime number?
False
Suppose -f + 2*b + 12513 = 4*f, 4*b + 10008 = 4*f. Is f composite?
False
Suppose 4*l = 2*w - 33702, 0 = -l + 6 - 2. Is w composite?
True
Let c be 9*(-8)/12*(-14)/4. Suppose 5*z = -c + 1, -4*p - z + 2280 = 0. Is p composite?
False
Suppose 2*g + l + 3*l - 16 = 0, 3*g + 16 = 4*l. Suppose 2*p - 158 = -0*p - 2*x, g = 2*p + 4*x - 158. Is p composite?
False
Is (-26290)/44*44/(-10) a prime number?
False
Let y(m) be the third derivative of -m**6/120 + 7*m**5/60 - m**4/24 + 13*m**3/6 - 7*m**2. Let l be y(7). Suppose -46 = l*p - 2524. Is p a composite number?
True
Let t be (-1)/(2813/(-703) - -4). Suppose -t - 557 = -3*y. Let v = y + -209. Is v composite?
False
Let r = 17 + -12. Suppose r*a - 2*a = 666. Let s = -95 + a. Is s composite?
False
Suppose 0 = -u - 3*k + 6*k + 12, u + 4*k = -2. Let v = -263 - -104. Is (u/(-9))/(2/v) a composite number?
False
Let n(h) = -1021*h + 93. Is n(-4) a composite number?
False
Suppose 3*s - 1 = 5*h, -6*s + 11 = -3*s + 5*h. Suppose s*y - 537 = -y. Is y a prime number?
True
Let r(m) be the first derivative of m**2/2 + m + 4. Let y be r(12). Let x = y + 0. Is x prime?
True
Let o(p) = -p**3 - 12*p**2 - 3*p + 10. Suppose -8 = 3*k - 3*u + 31, -5*k = 2*u + 65. Let b be o(k). Is b + -3 + 1 + 1 prime?
False
Is ((-3470)/30)/((-3)/18) a composite number?
True
Let c(m) = -m**3 - 20*m**2 - 19*m - 3. Let t be c(-19). Let x(z) = 28*z**3 + 3*z**2. Let j be x(t). Let w = j + 1352. Is w a composite number?
True
Let q = -406 + 1107. Is q prime?
True
Let w(k) = -5*k**3 + 3*k**2 + k + 9. Let f(a) = 3*a**2 - 3*a**2 - 7*a**3 + 3*a - 2*a**3 + 5*a**2 + 19. Let h(j) = 4*f(j) - 7*w(j). Is h(-6) composite?
False
Suppose -f = -4*d + 5*d - 14478, 5*f = d - 14484. Is d prime?
True
Let q(r) = 39*r**2 - r + 181. Is q(-27) prime?
False
Let j(s) = 543*s**2 + 2*s - 55. Is j(4) a prime number?
True
Suppose 23*l - 28*l - 1700 = 0. Let d = 1171 - 580. Let a = d + l. Is a composite?
False
Suppose -6*c = 240 - 48. Let g be (c/24)/((-4)/6). Suppose -g*j = -322 + 4. Is j composite?
True
Let t(k) = -509*k**3 - 7*k + 526*k**3 - k**2 - k - 7. Is t(3) a prime number?
True
Let r = 9 - 1. Let p(v) = v**3 - 2*v**2 + 9*v - 9. Is p(r) prime?
False
Let q = -18 - -16. Let a be -1*q/(-3)*-411. Let r = a + -183. Is r prime?
False
Suppose 0 = -4*v + 3*r + 4142, 4*r + 1029 = v - 0*r. Let g = 1672 - v. Is g a composite number?
True
Suppose -u + 5*b = -10, 5*u + 3 = -5*b + 23. Let m be (4/(-5))/((-2)/805). Suppose -3*q + u*q = m. Is q composite?
True
Let p be 5*-1 + (1 - 3). Let a(y) be the first derivative of -y**4/2 - 10*y**3/3 + y**2/2 - 8*y - 21. Is a(p) composite?
False
Suppose -4*p + 7120 = 3*l, 10266 = 4*l - p + 741. Let r = l + -1182. Is r prime?
False
Suppose 2*i + 3*v - 4188 = 0, -3*i = 2*v + 2*v - 6283. Is 0 + i/7 - 4/7 prime?
False
Let x be (-1 - (2 - 4))*2. Let t(m) = m**3 - 2*m**2 - 2*m - 3. Let j be t(3). Suppose -6934 = -4*w + 3*r, -w + x*w + r - 1737 = j. Is w a prime number?
False
Let b(q) = 101*q + 4. Suppose -3*r - 3*s = -0*s - 30, 2*s - 4 = 0. Suppose 3*d - r = -g, -4*d - 2*g = -7 - 3. Is b(d) a prime number?
True
Suppose 2*i - 4*n = 24, -4*n - 2 - 2 = 3*i. Suppose a = -5*l - 19, i*a + 13 = 4*l - 3*l. Is 15*(4/6 - l) a prime number?
False
Let r(z) = z**2 + 6*z + 8. Let i be r(-4). Suppose i = -3*b + 4*b - 2. Suppose -f - 257 = -b*f. Is f prime?
True
Let t = 7921 + 342. Is t a composite number?
False
Suppose 3*w - 2 = 4*w, -5*w = f - 10163. Is f prime?
False
Let q(s) = 17*s**2 - 19*s - 21. Let u be q(-12). Suppose 4*k = 3*z - u, -3*z + 2*k = 5*k - 2676. Is z composite?
True
Let p(k) = k**3 - 9*k**2 + 11*k - 3. Let v be (-236)/(-28) - 6/14. Let x be p(v). Is (-7)/x + 28/3 a composite number?
True
Let i(v) = 3868*v**2 + 16*v - 10. Is i(-3) a composite number?
True
Is 174/957 - 52434*10/(-44) a prime number?
False
Suppose -5*g - 167 - 203 = 0. Let r = -303 + 142. Let k = g - r. Is k prime?
False
Suppose -3*w + 12 = 3, -3*z - w = 1395. Let r = 1587 - z. Is r a prime number?
True
Let z = -11197 - -20939. Is z prime?
False
Suppose -5*j + 150682 = 4*m, 10*j - 7*j + 6 = 0. Is m composite?
True
Suppose 2*h + 0*i + i - 1805 = 0, -5*h + 4490 = -5*i. Is h a composite number?
True
Let r = -12 + 12. Suppose 0 = -5*f - r*f - 40. Is (-204)/f*(-16)/(-12) a prime number?
False
Suppose -32*b + 25*b = -14. Suppose -3*k + 5*g + 786 = 0, k + 254 = b*k + g. Is k composite?
False
Suppose 25337 + 55692 = 3*i + 5*s, -s = -4. Is i a prime number?
False
Let w = 0 - 2. Let n = 17 - 14. Is -127*(n + (-7 - w)) composite?
True
Let s = 5 - 3. Let x(w) = 2*w**3 - 6*w**s - w**3 + 0*w**3 + 9 - 4*w - w. Is x(7) a prime number?
True
Suppose -38 = 2*s + 5*o, -4*o - o - 56 = 4*s. Is 4 + (-21)/9*s prime?
False
Suppose -10*s = -3*i - 12*s + 26457, -5*s = i - 8819. Is i prime?
True
Let p be (-1)/(4 - (222/(-27))/(-2)). Suppose 11*z - 8210 = p*z. Is z prime?
False
Let m be (2 - 4/(-18)) + (-28)/126. Suppose -c - 2249 = -m*c. Is c composite?
True
Let a be (0 - 2) + (1 - -4). Suppose -2*t + r = a*t - 41, -4*t + 5*r = -37. Suppose -3*h + t = -4*u - 41, -u + 2 = 0. Is h prime?
True
Let l(p) = 0 - 1 + 10*p**2 + 96*p - 97*p. Is l(-1) composite?
True
Suppose -a = 7*a - 17872. Is a/4*(23 + -21) composite?
False
Let u(k) = 3*k + 10 - 2*k - 5 - 8. Let v be u(6). Suppose 2*w = 4*d + 346, -v = d + 2. Is w a prime number?
True
Let s = 840 - 1834. Let i = -540 - s. Is i a composite number?
True
Is (-115)/46 - (103167/6)/(-3) a prime number?
False
Let r(i) = i**2 + 12*i + 2. Let s be r(-12). Suppose -l - 1 = 3*x, s*x + l + 1 = x. Is 1 + 258 + x/(-2) prime?
False
Let a be 3 + 38/(-14) - (-6071)/(-7). Let v = -278 - a. Is v a composite number?
True
Let f be ((-4356)/(-4))/((-6)/(-4)). Let c be (-6)/9*f/(-1). Is c/2*2/4 a prime number?
False
Let y(l) = 15259*l**2 - 2*l - 2. Is y(-1) a composite number?
False
Let a(x) = 41*x**3 + 14*x**2 - 8*x + 15. Is a(6) composite?
True
Let j = 3 - 3. Suppose 2*l - 5*l - 150 = j. Let p = l - -261. Is p prime?
True
Let c = -10 + 24. Let w be 4610/c - 2/7. Let a = w - 64. Is a composite?
True
Let h be 3*((-16)/4 - 3). Let s(z) = 2*z**2 + 7*z + 25. Let f be s(h). Is (f + -2)*(-1)